{"id":412,"date":"2024-10-08T13:50:14","date_gmt":"2024-10-08T13:50:14","guid":{"rendered":"https:\/\/melizestetica.com.br\/admin\/?page_id=412"},"modified":"2024-12-20T12:40:05","modified_gmt":"2024-12-20T12:40:05","slug":"estitica-avancada","status":"publish","type":"page","link":"https:\/\/melizestetica.com.br\/admin\/estitica-avancada\/","title":{"rendered":"Est\u00e9tica Avan\u00e7ada"},"content":{"rendered":"\n\n  <div class=\"banner has-hover\" id=\"banner-176087070\">\n          <div class=\"banner-inner fill\">\n        <div class=\"banner-bg fill\" >\n            <div class=\"bg fill bg-fill \"><\/div>\n                        <div class=\"overlay\"><\/div>            \n                    <\/div>\n\t\t\n        <div class=\"banner-layers container\">\n            <div class=\"fill banner-link\"><\/div>            \n\n   <div id=\"text-box-950128102\" class=\"text-box banner-layer x50 md-x50 lg-x50 y50 md-y50 lg-y50 res-text\">\n                                <div class=\"text-box-content text dark\">\n              \n              <div class=\"text-inner text-center\">\n                  \n\n\t<div id=\"text-3446732903\" class=\"text\">\n\t\t\n\n<h1>Est\u00e9tica Avan\u00e7ada<\/h1>\n\t\t\n<style>\n#text-3446732903 {\n  font-size: 1rem;\n}\n@media (min-width:550px) {\n  #text-3446732903 {\n    font-size: 1.25rem;\n  }\n}\n<\/style>\n\t<\/div>\n\t\n\n              <\/div>\n           <\/div>\n                            \n<style>\n#text-box-950128102 {\n  width: 90%;\n}\n#text-box-950128102 .text-box-content {\n  font-size: 100%;\n}\n@media (min-width:550px) {\n  #text-box-950128102 {\n    width: 60%;\n  }\n}\n<\/style>\n    <\/div>\n \n\n        <\/div>\n      <\/div>\n\n            \n<style>\n#banner-176087070 {\n  padding-top: 300px;\n}\n#banner-176087070 .bg.bg-loaded {\n  background-image: url(https:\/\/melizestetica.com.br\/admin\/wp-content\/uploads\/2024\/08\/webstories3.png);\n}\n#banner-176087070 .overlay {\n  background-color: rgba(161, 89, 99, 0.14);\n}\n#banner-176087070 .bg {\n  background-position: 0% 51%;\n}\n#banner-176087070 .ux-shape-divider--top svg {\n  height: 150px;\n  --divider-top-width: 100%;\n}\n#banner-176087070 .ux-shape-divider--bottom svg {\n  height: 150px;\n  --divider-width: 100%;\n}\n<\/style>\n  <\/div>\n\n\n\t<div id=\"gap-137922709\" class=\"gap-element clearfix\" style=\"display:block; height:auto;\">\n\t\t\n<style>\n#gap-137922709 {\n  padding-top: 30px;\n}\n<\/style>\n\t<\/div>\n\t\n\n\t<section class=\"section\" id=\"section_1954921843\">\n\t\t<div class=\"bg section-bg fill bg-fill  bg-loaded\" >\n\n\t\t\t\n\t\t\t\n\t\t\t\n\n\t\t<\/div>\n\n\t\t\n\n\t\t<div class=\"section-content relative\">\n\t\t\t\n\n<div class=\"row\"  id=\"row-469631245\">\n\n\n\t<div id=\"col-71839739\" class=\"col medium-4 small-12 large-4\"  >\n\t\t\t\t<div class=\"col-inner\"  >\n\t\t\t\n\t\t\t\n\n\t<div class=\"img has-hover imagem-borda x md-x lg-x y md-y lg-y\" id=\"image_1901689448\">\n\t\t\t\t\t\t\t\t<div class=\"img-inner image-cover dark\" style=\"padding-top:300px;\">\n\t\t\t<img loading=\"lazy\" decoding=\"async\" width=\"1707\" height=\"2560\" src=\"https:\/\/melizestetica.com.br\/admin\/wp-content\/uploads\/2024\/12\/fundo-scaled.jpg\" class=\"attachment-original size-original\" alt=\"\" srcset=\"https:\/\/melizestetica.com.br\/admin\/wp-content\/uploads\/2024\/12\/fundo-scaled.jpg 1707w, https:\/\/melizestetica.com.br\/admin\/wp-content\/uploads\/2024\/12\/fundo-200x300.jpg 200w, https:\/\/melizestetica.com.br\/admin\/wp-content\/uploads\/2024\/12\/fundo-683x1024.jpg 683w, https:\/\/melizestetica.com.br\/admin\/wp-content\/uploads\/2024\/12\/fundo-768x1152.jpg 768w, https:\/\/melizestetica.com.br\/admin\/wp-content\/uploads\/2024\/12\/fundo-1024x1536.jpg 1024w, https:\/\/melizestetica.com.br\/admin\/wp-content\/uploads\/2024\/12\/fundo-1365x2048.jpg 1365w\" sizes=\"auto, (max-width: 1707px) 100vw, 1707px\" \/>\t\t\t\t\t\t\n\t\t\t\t\t<\/div>\n\t\t\t\t\t\t\t\t\n<style>\n#image_1901689448 {\n  width: 100%;\n}\n<\/style>\n\t<\/div>\n\t\n\n\n\t\t<\/div>\n\t\t\t\t\t<\/div>\n\n\t\n\n\t<div id=\"col-474801848\" class=\"col medium-7 small-12 large-7\"  >\n\t\t\t\t<div class=\"col-inner\"  >\n\t\t\t\n\t\t\t\n\n\t<div id=\"text-2681885508\" class=\"text\">\n\t\t\n\n<h1 style=\"text-align: left;\">Ultraformer<\/p>\n<\/h1>\n<p>O Ultraformer \u00e9 um equipamento de tecnologia avan\u00e7ada usado em tratamentos est\u00e9ticos n\u00e3o invasivos. Ele utiliza ultrassom microfocado e macrofocado para promover o efeito lifting, combater a flacidez e estimular a produ\u00e7\u00e3o de col\u00e1geno. Com ele, \u00e9 poss\u00edvel tratar diferentes \u00e1reas do corpo e do rosto, melhorando a firmeza da pele, a defini\u00e7\u00e3o do contorno facial e suavizando rugas. O tratamento \u00e9 indicado para quem busca resultados de rejuvenescimento sem a necessidade de cirurgias.<\/h1>\n\t\t\n<style>\n#text-2681885508 {\n  font-size: 1rem;\n  color: rgb(0,0,0);\n}\n#text-2681885508 > * {\n  color: rgb(0,0,0);\n}\n<\/style>\n\t<\/div>\n\t\n\n\t\t<\/div>\n\t\t\t\t\t<\/div>\n\n\t\n\n\n<style>\n#row-469631245 > .col > .col-inner {\n  border-radius: 14px;\n}\n<\/style>\n<\/div>\n\n\t\t<\/div>\n\n\t\t\n<style>\n#section_1954921843 {\n  padding-top: 0px;\n  padding-bottom: 0px;\n}\n#section_1954921843 .ux-shape-divider--top svg {\n  height: 150px;\n  --divider-top-width: 100%;\n}\n#section_1954921843 .ux-shape-divider--bottom svg {\n  height: 150px;\n  --divider-width: 100%;\n}\n<\/style>\n\t<\/section>\n\t\n\t<section class=\"section\" id=\"section_192405835\">\n\t\t<div class=\"bg section-bg fill bg-fill  bg-loaded\" >\n\n\t\t\t\n\t\t\t\n\t\t\t\n\n\t\t<\/div>\n\n\t\t\n\n\t\t<div class=\"section-content relative\">\n\t\t\t\n\n<div class=\"row\"  id=\"row-1219437506\">\n\n\n\t<div id=\"col-754567241\" class=\"col medium-4 small-12 large-4\"  >\n\t\t\t\t<div class=\"col-inner\"  >\n\t\t\t\n\t\t\t\n\n\t<div class=\"img has-hover imagem-borda x md-x lg-x y md-y lg-y\" id=\"image_183269751\">\n\t\t\t\t\t\t\t\t<div class=\"img-inner image-cover dark\" style=\"padding-top:300px;\">\n\t\t\t<img loading=\"lazy\" decoding=\"async\" width=\"1707\" height=\"2560\" src=\"https:\/\/melizestetica.com.br\/admin\/wp-content\/uploads\/2024\/12\/fundo-scaled.jpg\" class=\"attachment-original size-original\" alt=\"\" srcset=\"https:\/\/melizestetica.com.br\/admin\/wp-content\/uploads\/2024\/12\/fundo-scaled.jpg 1707w, https:\/\/melizestetica.com.br\/admin\/wp-content\/uploads\/2024\/12\/fundo-200x300.jpg 200w, https:\/\/melizestetica.com.br\/admin\/wp-content\/uploads\/2024\/12\/fundo-683x1024.jpg 683w, https:\/\/melizestetica.com.br\/admin\/wp-content\/uploads\/2024\/12\/fundo-768x1152.jpg 768w, https:\/\/melizestetica.com.br\/admin\/wp-content\/uploads\/2024\/12\/fundo-1024x1536.jpg 1024w, https:\/\/melizestetica.com.br\/admin\/wp-content\/uploads\/2024\/12\/fundo-1365x2048.jpg 1365w\" sizes=\"auto, (max-width: 1707px) 100vw, 1707px\" \/>\t\t\t\t\t\t\n\t\t\t\t\t<\/div>\n\t\t\t\t\t\t\t\t\n<style>\n#image_183269751 {\n  width: 100%;\n}\n<\/style>\n\t<\/div>\n\t\n\n\n\t\t<\/div>\n\t\t\t\t\t<\/div>\n\n\t\n\n\t<div id=\"col-1404900835\" class=\"col medium-8 small-12 large-8\"  >\n\t\t\t\t<div class=\"col-inner\" style=\"background-color:rgb(255,255,255);\" >\n\t\t\t\n\t\t\t\n\n\t<div id=\"text-1164238552\" class=\"text\">\n\t\t\n\n<h1>Radiofrequ\u00eancia<\/h1>\n<p>A radiofrequ\u00eancia \u00e9 um tratamento altamente eficaz para combater flacidez e gordura localizada. Ela funciona por meio de ondas eletromagn\u00e9ticas que aquecem as camadas mais profundas da pele, estimulando a produ\u00e7\u00e3o de col\u00e1geno, o que melhora a firmeza da pele e combate a flacidez. Ao mesmo tempo, o calor gerado tamb\u00e9m promove a quebra das c\u00e9lulas de gordura, ajudando a reduzir medidas em \u00e1reas como abd\u00f4men, coxas, gl\u00fateos e bra\u00e7os. O tratamento \u00e9 n\u00e3o invasivo e progressivo, com resultados vis\u00edveis em poucas sess\u00f5es, ideal para quem busca uma solu\u00e7\u00e3o sem cirurgia para redefinir o contorno corporal.<\/p>\n\t\t\n<style>\n#text-1164238552 {\n  font-size: 1rem;\n  color: rgb(0,0,0);\n}\n#text-1164238552 > * {\n  color: rgb(0,0,0);\n}\n<\/style>\n\t<\/div>\n\t\n\n\t\t<\/div>\n\t\t\t\t\t<\/div>\n\n\t\n\n<\/div>\n<div class=\"row align-equal\"  id=\"row-994917620\">\n\n\n\t<div id=\"col-423826066\" class=\"col medium-4 small-12 large-4\"  >\n\t\t\t\t<div class=\"col-inner\"  >\n\t\t\t\n\t\t\t\n\n\t<div class=\"img has-hover imagem-borda x md-x lg-x y md-y lg-y\" id=\"image_1169469367\">\n\t\t\t\t\t\t\t\t<div class=\"img-inner image-cover dark\" style=\"padding-top:300px;\">\n\t\t\t<img loading=\"lazy\" decoding=\"async\" width=\"1707\" height=\"2560\" src=\"https:\/\/melizestetica.com.br\/admin\/wp-content\/uploads\/2024\/12\/fundo-scaled.jpg\" class=\"attachment-original size-original\" alt=\"\" srcset=\"https:\/\/melizestetica.com.br\/admin\/wp-content\/uploads\/2024\/12\/fundo-scaled.jpg 1707w, https:\/\/melizestetica.com.br\/admin\/wp-content\/uploads\/2024\/12\/fundo-200x300.jpg 200w, https:\/\/melizestetica.com.br\/admin\/wp-content\/uploads\/2024\/12\/fundo-683x1024.jpg 683w, https:\/\/melizestetica.com.br\/admin\/wp-content\/uploads\/2024\/12\/fundo-768x1152.jpg 768w, https:\/\/melizestetica.com.br\/admin\/wp-content\/uploads\/2024\/12\/fundo-1024x1536.jpg 1024w, https:\/\/melizestetica.com.br\/admin\/wp-content\/uploads\/2024\/12\/fundo-1365x2048.jpg 1365w\" sizes=\"auto, (max-width: 1707px) 100vw, 1707px\" \/>\t\t\t\t\t\t\n\t\t\t\t\t<\/div>\n\t\t\t\t\t\t\t\t\n<style>\n#image_1169469367 {\n  width: 100%;\n}\n<\/style>\n\t<\/div>\n\t\n\n\n\t\t<\/div>\n\t\t\t\t\t<\/div>\n\n\t\n\n\t<div id=\"col-1258254084\" class=\"col medium-8 small-12 large-8\"  >\n\t\t\t\t<div class=\"col-inner\" style=\"background-color:rgb(255,255,255);\" >\n\t\t\t\n\t\t\t\n\n\t<div id=\"text-2736264598\" class=\"text\">\n\t\t\n\n<h1>Lavieen<\/h1>\n<p>O Lavieen \u00e9 um tratamento est\u00e9tico avan\u00e7ado que utiliza laser de thulium para rejuvenescimento da pele. Ele \u00e9 conhecido como \u201cBB Laser\u201d por proporcionar um efeito semelhante ao de uma base de maquiagem, uniformizando o tom da pele e melhorando sua textura. O Lavieen trata problemas como manchas, poros dilatados, rugas finas e cicatrizes de acne, promovendo uma renova\u00e7\u00e3o celular profunda. Al\u00e9m de melhorar a apar\u00eancia geral da pele, o tratamento estimula a produ\u00e7\u00e3o de col\u00e1geno, proporcionando um efeito duradouro de rejuvenescimento. \u00c9 minimamente invasivo e tem um tempo de recupera\u00e7\u00e3o curto.<\/p>\n\t\t\n<style>\n#text-2736264598 {\n  font-size: 1rem;\n  text-align: left;\n  color: rgb(0,0,0);\n}\n#text-2736264598 > * {\n  color: rgb(0,0,0);\n}\n<\/style>\n\t<\/div>\n\t\n\n\t\t<\/div>\n\t\t\t\t\t<\/div>\n\n\t\n\n<\/div>\n<div class=\"row align-equal\"  id=\"row-983339328\">\n\n\n\t<div id=\"col-286567478\" class=\"col medium-4 small-12 large-4\"  >\n\t\t\t\t<div class=\"col-inner\"  >\n\t\t\t\n\t\t\t\n\n\t<div class=\"img has-hover imagem-borda x md-x lg-x y md-y lg-y\" id=\"image_354986470\">\n\t\t\t\t\t\t\t\t<div class=\"img-inner image-cover dark\" style=\"padding-top:300px;\">\n\t\t\t<img loading=\"lazy\" decoding=\"async\" width=\"1707\" height=\"2560\" src=\"https:\/\/melizestetica.com.br\/admin\/wp-content\/uploads\/2024\/12\/fundo-scaled.jpg\" class=\"attachment-original size-original\" alt=\"\" srcset=\"https:\/\/melizestetica.com.br\/admin\/wp-content\/uploads\/2024\/12\/fundo-scaled.jpg 1707w, https:\/\/melizestetica.com.br\/admin\/wp-content\/uploads\/2024\/12\/fundo-200x300.jpg 200w, https:\/\/melizestetica.com.br\/admin\/wp-content\/uploads\/2024\/12\/fundo-683x1024.jpg 683w, https:\/\/melizestetica.com.br\/admin\/wp-content\/uploads\/2024\/12\/fundo-768x1152.jpg 768w, https:\/\/melizestetica.com.br\/admin\/wp-content\/uploads\/2024\/12\/fundo-1024x1536.jpg 1024w, https:\/\/melizestetica.com.br\/admin\/wp-content\/uploads\/2024\/12\/fundo-1365x2048.jpg 1365w\" sizes=\"auto, (max-width: 1707px) 100vw, 1707px\" \/>\t\t\t\t\t\t\n\t\t\t\t\t<\/div>\n\t\t\t\t\t\t\t\t\n<style>\n#image_354986470 {\n  width: 100%;\n}\n<\/style>\n\t<\/div>\n\t\n\n\n\t\t<\/div>\n\t\t\t\t\t<\/div>\n\n\t\n\n\t<div id=\"col-1076128979\" class=\"col medium-8 small-12 large-8\"  >\n\t\t\t\t<div class=\"col-inner\" style=\"background-color:rgb(255,255,255);\" >\n\t\t\t\n\t\t\t\n\n\t<div id=\"text-3229410934\" class=\"text\">\n\t\t\n\n<h1>Criofrequ\u00eancia<\/h1>\n<p>A criofrequ\u00eancia \u00e9 um tratamento est\u00e9tico inovador que combina radiofrequ\u00eancia e resfriamento intenso para combater a flacidez e a gordura localizada. A tecnologia utiliza calor profundo gerado pela radiofrequ\u00eancia para estimular a produ\u00e7\u00e3o de col\u00e1geno e elastina, promovendo firmeza da pele, enquanto o resfriamento superficial protege a pele e potencializa a quebra das c\u00e9lulas de gordura. Essa combina\u00e7\u00e3o de temperaturas extremas acelera a regenera\u00e7\u00e3o dos tecidos, proporcionando resultados vis\u00edveis na redu\u00e7\u00e3o de medidas e no contorno corporal, sem dor ou tempo de recupera\u00e7\u00e3o. Ideal para quem busca um lifting n\u00e3o cir\u00fargico e a elimina\u00e7\u00e3o de gordura em \u00e1reas espec\u00edficas.<\/p>\n\t\t\n<style>\n#text-3229410934 {\n  color: rgb(0,0,0);\n}\n#text-3229410934 > * {\n  color: rgb(0,0,0);\n}\n<\/style>\n\t<\/div>\n\t\n\n\t\t<\/div>\n\t\t\t\t\t<\/div>\n\n\t\n\n<\/div>\n<div class=\"row align-equal\"  id=\"row-1436198147\">\n\n\n\t<div id=\"col-11049748\" class=\"col medium-4 small-12 large-4\"  >\n\t\t\t\t<div class=\"col-inner\"  >\n\t\t\t\n\t\t\t\n\n\t<div class=\"img has-hover imagem-borda x md-x lg-x y md-y lg-y\" id=\"image_1088395869\">\n\t\t\t\t\t\t\t\t<div class=\"img-inner image-cover dark\" style=\"padding-top:300px;\">\n\t\t\t<img loading=\"lazy\" decoding=\"async\" width=\"1707\" height=\"2560\" src=\"https:\/\/melizestetica.com.br\/admin\/wp-content\/uploads\/2024\/12\/fundo-scaled.jpg\" class=\"attachment-original size-original\" alt=\"\" srcset=\"https:\/\/melizestetica.com.br\/admin\/wp-content\/uploads\/2024\/12\/fundo-scaled.jpg 1707w, https:\/\/melizestetica.com.br\/admin\/wp-content\/uploads\/2024\/12\/fundo-200x300.jpg 200w, https:\/\/melizestetica.com.br\/admin\/wp-content\/uploads\/2024\/12\/fundo-683x1024.jpg 683w, https:\/\/melizestetica.com.br\/admin\/wp-content\/uploads\/2024\/12\/fundo-768x1152.jpg 768w, https:\/\/melizestetica.com.br\/admin\/wp-content\/uploads\/2024\/12\/fundo-1024x1536.jpg 1024w, https:\/\/melizestetica.com.br\/admin\/wp-content\/uploads\/2024\/12\/fundo-1365x2048.jpg 1365w\" sizes=\"auto, (max-width: 1707px) 100vw, 1707px\" \/>\t\t\t\t\t\t\n\t\t\t\t\t<\/div>\n\t\t\t\t\t\t\t\t\n<style>\n#image_1088395869 {\n  width: 100%;\n}\n<\/style>\n\t<\/div>\n\t\n\n\n\t\t<\/div>\n\t\t\t\t\t<\/div>\n\n\t\n\n\t<div id=\"col-338209201\" class=\"col medium-8 small-12 large-8\"  >\n\t\t\t\t<div class=\"col-inner\" style=\"background-color:rgb(255,255,255);\" >\n\t\t\t\n\t\t\t\n\n\t<div id=\"text-3658823770\" class=\"text\">\n\t\t\n\n<h1>Criolip\u00f3lise<\/h1>\n<p>A criolip\u00f3lise de placas \u00e9 uma varia\u00e7\u00e3o da criolip\u00f3lise tradicional que utiliza placas refrigeradas, em vez de aplicadores a v\u00e1cuo, para tratar \u00e1reas com gordura localizada. As placas atuam resfriando as c\u00e9lulas de gordura de maneira uniforme at\u00e9 que elas entrem em apoptose, um processo natural de destrui\u00e7\u00e3o celular. Por n\u00e3o usar suc\u00e7\u00e3o, essa t\u00e9cnica \u00e9 menos inc\u00f4moda e pode ser mais adequada para \u00e1reas com menos gordura ou de dif\u00edcil suc\u00e7\u00e3o, como bra\u00e7os, costas e regi\u00f5es com pouca flacidez. O procedimento \u00e9 seguro, n\u00e3o invasivo e apresenta bons resultados na redu\u00e7\u00e3o de medidas ao longo do tempo.<\/p>\n\t\t\n<style>\n#text-3658823770 {\n  color: rgb(0,0,0);\n}\n#text-3658823770 > * {\n  color: rgb(0,0,0);\n}\n<\/style>\n\t<\/div>\n\t\n\n\t\t<\/div>\n\t\t\t\t\t<\/div>\n\n\t\n\n<\/div>\n<div class=\"row align-equal\"  id=\"row-1556429986\">\n\n\n\t<div id=\"col-1952925866\" class=\"col medium-4 small-12 large-4\"  >\n\t\t\t\t<div class=\"col-inner\"  >\n\t\t\t\n\t\t\t\n\n\t<div class=\"img has-hover imagem-borda x md-x lg-x y md-y lg-y\" id=\"image_634288305\">\n\t\t\t\t\t\t\t\t<div class=\"img-inner image-cover dark\" style=\"padding-top:300px;\">\n\t\t\t<img loading=\"lazy\" decoding=\"async\" width=\"1707\" height=\"2560\" src=\"https:\/\/melizestetica.com.br\/admin\/wp-content\/uploads\/2024\/12\/fundo-scaled.jpg\" class=\"attachment-original size-original\" alt=\"\" srcset=\"https:\/\/melizestetica.com.br\/admin\/wp-content\/uploads\/2024\/12\/fundo-scaled.jpg 1707w, https:\/\/melizestetica.com.br\/admin\/wp-content\/uploads\/2024\/12\/fundo-200x300.jpg 200w, https:\/\/melizestetica.com.br\/admin\/wp-content\/uploads\/2024\/12\/fundo-683x1024.jpg 683w, https:\/\/melizestetica.com.br\/admin\/wp-content\/uploads\/2024\/12\/fundo-768x1152.jpg 768w, https:\/\/melizestetica.com.br\/admin\/wp-content\/uploads\/2024\/12\/fundo-1024x1536.jpg 1024w, https:\/\/melizestetica.com.br\/admin\/wp-content\/uploads\/2024\/12\/fundo-1365x2048.jpg 1365w\" sizes=\"auto, (max-width: 1707px) 100vw, 1707px\" \/>\t\t\t\t\t\t\n\t\t\t\t\t<\/div>\n\t\t\t\t\t\t\t\t\n<style>\n#image_634288305 {\n  width: 100%;\n}\n<\/style>\n\t<\/div>\n\t\n\n\n\t\t<\/div>\n\t\t\t\t\t<\/div>\n\n\t\n\n\t<div id=\"col-493996681\" class=\"col medium-8 small-12 large-8\"  >\n\t\t\t\t<div class=\"col-inner\" style=\"background-color:rgb(255,255,255);\" >\n\t\t\t\n\t\t\t\n\n\t<div id=\"text-2283711343\" class=\"text\">\n\t\t\n\n<h1>Ultrassom<\/h1>\n<p>O ultrassom de baixa intensidade \u00e9 um tratamento n\u00e3o invasivo utilizado para reduzir gordura localizada. Ele funciona emitindo ondas ultrass\u00f4nicas que penetram na pele e atingem as c\u00e9lulas de gordura, causando a quebra dessas c\u00e9lulas (lip\u00f3lise) sem danificar os tecidos ao redor. As c\u00e9lulas de gordura fragmentadas s\u00e3o posteriormente eliminadas pelo sistema linf\u00e1tico. Esse procedimento \u00e9 indicado para \u00e1reas como abd\u00f4men, flancos, coxas e bra\u00e7os, sendo uma op\u00e7\u00e3o segura e eficaz para reduzir medidas e melhorar o contorno corporal sem necessidade de cirurgia ou tempo de recupera\u00e7\u00e3o.<\/p>\n\t\t\n<style>\n#text-2283711343 {\n  color: rgb(0,0,0);\n}\n#text-2283711343 > * {\n  color: rgb(0,0,0);\n}\n<\/style>\n\t<\/div>\n\t\n\n\t\t<\/div>\n\t\t\t\t\t<\/div>\n\n\t\n\n<\/div>\n<div class=\"row align-equal\"  id=\"row-2000359930\">\n\n\n\t<div id=\"col-858594099\" class=\"col medium-4 small-12 large-4\"  >\n\t\t\t\t<div class=\"col-inner\"  >\n\t\t\t\n\t\t\t\n\n\t<div class=\"img has-hover imagem-borda x md-x lg-x y md-y lg-y\" id=\"image_1073618888\">\n\t\t\t\t\t\t\t\t<div class=\"img-inner image-cover dark\" style=\"padding-top:300px;\">\n\t\t\t<img loading=\"lazy\" decoding=\"async\" width=\"1707\" height=\"2560\" src=\"https:\/\/melizestetica.com.br\/admin\/wp-content\/uploads\/2024\/12\/fundo-scaled.jpg\" class=\"attachment-original size-original\" alt=\"\" srcset=\"https:\/\/melizestetica.com.br\/admin\/wp-content\/uploads\/2024\/12\/fundo-scaled.jpg 1707w, https:\/\/melizestetica.com.br\/admin\/wp-content\/uploads\/2024\/12\/fundo-200x300.jpg 200w, https:\/\/melizestetica.com.br\/admin\/wp-content\/uploads\/2024\/12\/fundo-683x1024.jpg 683w, https:\/\/melizestetica.com.br\/admin\/wp-content\/uploads\/2024\/12\/fundo-768x1152.jpg 768w, https:\/\/melizestetica.com.br\/admin\/wp-content\/uploads\/2024\/12\/fundo-1024x1536.jpg 1024w, https:\/\/melizestetica.com.br\/admin\/wp-content\/uploads\/2024\/12\/fundo-1365x2048.jpg 1365w\" sizes=\"auto, (max-width: 1707px) 100vw, 1707px\" \/>\t\t\t\t\t\t\n\t\t\t\t\t<\/div>\n\t\t\t\t\t\t\t\t\n<style>\n#image_1073618888 {\n  width: 100%;\n}\n<\/style>\n\t<\/div>\n\t\n\n\n\t\t<\/div>\n\t\t\t\t\t<\/div>\n\n\t\n\n\t<div id=\"col-457557413\" class=\"col medium-8 small-12 large-8\"  >\n\t\t\t\t<div class=\"col-inner\" style=\"background-color:rgb(255,255,255);\" >\n\t\t\t\n\t\t\t\n\n\t<div id=\"text-796102128\" class=\"text\">\n\t\t\n\n<h1>Fototerapia<\/h1>\n<p>A fototerapia \u00e9 um tratamento est\u00e9tico que utiliza luzes de diferentes comprimentos de onda (como luz LED ou laser) para tratar diversos problemas de pele. A luz penetra nas camadas da pele, estimulando processos de regenera\u00e7\u00e3o celular e a produ\u00e7\u00e3o de col\u00e1geno. Dependendo da cor e tipo de luz, a fototerapia pode ser usada para tratar acne, reduzir inflama\u00e7\u00e3o, clarear manchas, melhorar a textura da pele, suavizar rugas e at\u00e9 promover a cicatriza\u00e7\u00e3o de feridas. O tratamento \u00e9 n\u00e3o invasivo, indolor e seguro, com resultados progressivos e vis\u00edveis ap\u00f3s algumas sess\u00f5es.<\/p>\n\t\t\n<style>\n#text-796102128 {\n  color: rgb(0,0,0);\n}\n#text-796102128 > * {\n  color: rgb(0,0,0);\n}\n<\/style>\n\t<\/div>\n\t\n\n\t\t<\/div>\n\t\t\t\t\t<\/div>\n\n\t\n\n<\/div>\n\n\t\t<\/div>\n\n\t\t\n<style>\n#section_192405835 {\n  padding-top: 0px;\n  padding-bottom: 0px;\n}\n#section_192405835 .ux-shape-divider--top svg {\n  height: 150px;\n  --divider-top-width: 100%;\n}\n#section_192405835 .ux-shape-divider--bottom svg {\n  height: 150px;\n  --divider-width: 100%;\n}\n<\/style>\n\t<\/section>\n\t\n\t<section class=\"section\" id=\"section_1166770103\">\n\t\t<div class=\"bg section-bg fill bg-fill  bg-loaded\" >\n\n\t\t\t\n\t\t\t\n\t\t\t\n\n\t\t<\/div>\n\n\t\t\n\n\t\t<div class=\"section-content relative\">\n\t\t\t\n\n<div class=\"message-box relative dark\" style=\"padding-top:15px;padding-bottom:15px;\"><div class=\"message-box-bg-image bg-fill fill\" ><\/div><div class=\"message-box-bg-overlay bg-fill fill\" style=\"background-color:rgb(161, 89, 99);\"><\/div><div class=\"container relative\"><div class=\"inner last-reset\">\n\n<div class=\"row align-middle align-center\"  id=\"row-799119985\">\n\n\n\t<div id=\"col-616106070\" class=\"col medium-7 small-12 large-8\"  >\n\t\t\t\t<div class=\"col-inner\"  >\n\t\t\t\n\t\t\t\n\n\t<div id=\"text-1181442856\" class=\"text\">\n\t\t\n\n<p>Estamos prontos para responder suas d\u00favidas e oferecer mais informa\u00e7\u00f5es sobre nossos tratamentos est\u00e9ticos. Se precisar falar com a nossa equipe ou agendar uma avalia\u00e7\u00e3o, entre em contato conosco! Seu bem-estar \u00e9 nossa prioridade na Meliz.<\/p>\n\t\t\n<style>\n#text-1181442856 {\n  color: rgb(255, 255, 255);\n}\n#text-1181442856 > * {\n  color: rgb(255, 255, 255);\n}\n<\/style>\n\t<\/div>\n\t\n\n\t\t<\/div>\n\t\t\t\t\n<style>\n#col-616106070 > .col-inner {\n  margin: 0px 0px 10px 0px;\n}\n<\/style>\n\t<\/div>\n\n\t\n\n\t<div id=\"col-526376816\" class=\"col medium-5 small-12 large-4\"  >\n\t\t\t\t<div class=\"col-inner text-center\"  >\n\t\t\t\n\t\t\t\n\n<a class=\"button alert\"  style=\"border-radius:99px;\">\n    <span>Agende Sua Avalia\u00e7\u00e3o<\/span>\n  <\/a>\n\n\n\n\t\t<\/div>\n\t\t\t\t\t<\/div>\n\n\t\n\n<\/div>\n\n<\/div><\/div><\/div>\n\n\t\t<\/div>\n\n\t\t\n<style>\n#section_1166770103 {\n  padding-top: 0px;\n  padding-bottom: 0px;\n}\n#section_1166770103 .ux-shape-divider--top svg {\n  height: 150px;\n  --divider-top-width: 100%;\n}\n#section_1166770103 .ux-shape-divider--bottom svg {\n  height: 150px;\n  --divider-width: 100%;\n}\n<\/style>\n\t<\/section>\n\t\n\n","protected":false},"excerpt":{"rendered":"","protected":false},"author":1,"featured_media":0,"parent":0,"menu_order":0,"comment_status":"closed","ping_status":"closed","template":"page-blank.php","meta":{"footnotes":""},"class_list":["post-412","page","type-page","status-publish","hentry"],"_links":{"self":[{"href":"https:\/\/melizestetica.com.br\/admin\/wp-json\/wp\/v2\/pages\/412","targetHints":{"allow":["GET"]}}],"collection":[{"href":"https:\/\/melizestetica.com.br\/admin\/wp-json\/wp\/v2\/pages"}],"about":[{"href":"https:\/\/melizestetica.com.br\/admin\/wp-json\/wp\/v2\/types\/page"}],"author":[{"embeddable":true,"href":"https:\/\/melizestetica.com.br\/admin\/wp-json\/wp\/v2\/users\/1"}],"replies":[{"embeddable":true,"href":"https:\/\/melizestetica.com.br\/admin\/wp-json\/wp\/v2\/comments?post=412"}],"version-history":[{"count":34,"href":"https:\/\/melizestetica.com.br\/admin\/wp-json\/wp\/v2\/pages\/412\/revisions"}],"predecessor-version":[{"id":891,"href":"https:\/\/melizestetica.com.br\/admin\/wp-json\/wp\/v2\/pages\/412\/revisions\/891"}],"wp:attachment":[{"href":"https:\/\/melizestetica.com.br\/admin\/wp-json\/wp\/v2\/media?parent=412"}],"curies":[{"name":"wp","href":"https:\/\/api.w.org\/{rel}","templated":true}]}}